at is the hundred millions digit of 2962244462?
9
What is the hundreds digit of 310042612?
6
What is the millions digit of 1509919051?
9
What is the tens digit of 124941225?
2
What is the millions digit of 10886941?
0
What is the hundred thousands digit of 73566902?
5
What is the hundreds digit of 3679394486?
4
What is the millions digit of 2453353023?
3
What is the ten millions digit of 194034031?
9
What is the ten thousands digit of 288801758?
0
What is the billions digit of 3967769352?
3
What is the hundreds digit of 103232901?
9
What is the units digit of 22307559?
9
What is the tens digit of 4471770073?
7
What is the hundreds digit of 94311689?
6
What is the billions digit of 2772021564?
2
What is the tens digit of 206364540?
4
What is the units digit of 58319087?
7
What is the millions digit of 26465996?
6
What is the hundred thousands digit of 2517556258?
5
What is the thousands digit of 56515973?
5
What is the tens digit of 105803463?
6
What is the ten millions digit of 5113969586?
1
What is the thousands digit of 1614172608?
2
What is the thousands digit of 186688538?
8
What is the ten thousands digit of 44993229?
9
What is the tens digit of 427608992?
9
What is the hundred millions digit of 1405138790?
4
What is the ten millions digit of 522269760?
2
What is the ten millions digit of 237865088?
3
What is the billions digit of 1050133139?
1
What is the units digit of 78361807?
7
What is the ten thousands digit of 1358038246?
3
What is the thousands digit of 3604336613?
6
What is the tens digit of 507118639?
3
What is the thousands digit of 17091160?
1
What is the ten thousands digit of 1786497441?
9
What is the hundreds digit of 102577174?
1
What is the tens digit of 542984582?
8
What is the thousands digit of 1417302281?
2
What is the hundred thousands digit of 447193238?
1
What is the millions digit of 172105175?
2
What is the hundred millions digit of 112589139?
1
What is the ten millions digit of 288615259?
8
What is the thousands digit of 89882538?
2
What is the ten millions digit of 6596418567?
9
What is the tens digit of 621746546?
4
What is the tens digit of 2665960293?
9
What is the billions digit of 2090590915?
2
What is the hundred millions digit of 3023530752?
0
What is the hundreds digit of 178312536?
5
What is the millions digit of 1842325587?
2
What is the thousands digit of 461001075?
1
What is the units digit of 1010292879?
9
What is the ten thousands digit of 214605994?
0
What is the hundred millions digit of 797767390?
7
What is the millions digit of 137354861?
7
What is the hundred thousands digit of 138472837?
4
What is the units digit of 6105706?
6
What is the hundred thousands digit of 9288725?
2
What is the hundreds digit of 18795975?
9
What is the ten thousands digit of 279821435?
2
What is the hundred millions digit of 1549939006?
5
What is the units digit of 61630397?
7
What is the ten thousands digit of 562010755?
1
What is the millions digit of 16791352?
6
What is the thousands digit of 655656642?
6
What is the hundred thousands digit of 260316874?
3
What is the ten millions digit of 16282447?
1
What is the hundred thousands digit of 1209881133?
8
What is the hundreds digit of 8529963?
9
What is the billions digit of 2067111427?
2
What is the millions digit of 741401325?
1
What is the ten millions digit of 1944846062?
4
What is the ten millions digit of 3676715261?
7
What is the hundreds digit of 103251130?
1
What is the tens digit of 269224202?
0
What is the ten thousands digit of 44247649?
4
What is the tens digit of 2328187272?
7
What is the units digit of 252950219?
9
What is the thousands digit of 326559386?
9
What is the units digit of 60937266?
6
What is the hundreds digit of 992120868?
8
What is the thousands digit of 303644316?
4
What is the tens digit of 64880207?
0
What is the tens digit of 4009872293?
9
What is the ten millions digit of 12241478?
1
What is the hundred thousands digit of 19624541?
6
What is the ten thousands digit of 97532728?
3
What is the ten millions digit of 120500164?
2
What is the hundred thousands digit of 903105650?
1
What is the hundred millions digit of 183202209?
1
What is the ten millions digit of 25109621?
2
What is the millions digit of 1837447094?
7
What is the units digit of 453074875?
5
What is the ten millions digit of 30819194?
3
What is the units digit of 4787891660?
0
What is the thousands digit of 5754781?
4
What is the ten millions digit of 160742556?
6
What is the tens digit of 162911132?
3
What is the hundreds digit of 26218539?
5
What is the ten thousands digit of 1566823179?
2
What is the units digit of 1421076873?
3
What is the units digit of 513378970?
0
What is the thousands digit of 1764939630?
9
What is the hundred thousands digit of 2554279919?
2
What is the hundred thousands digit of 72304789?
3
What is the hundred thousands digit of 5682762?
6
What is the millions digit of 100782400?
0
What is the thousands digit of 397094950?
4
What is the units digit of 2605498086?
6
What is the hundred thousands digit of 2495630513?
6
What is the tens digit of 532554655?
5
What is the ten thousands digit of 720704903?
0
What is the ten thousands digit of 183866798?
6
What is the hundred millions digit of 364841367?
3
What is the hundred millions digit of 231344243?
2
What is the hundreds digit of 750147219?
2
What is the ten thousands digit of 64091004?
9
What is the millions digit of 242015414?
2
What is the hundred millions digit of 155259999?
1
What is the millions digit of 28402830?
8
What is the hundreds digit of 11105942?
9
What is the hundred thousands digit of 447253471?
2
What is the ten millions digit of 178920200?
7
What is the hundred thousands digit of 362498370?
4
What is the units digit of 1359625533?
3
What is the thousands digit of 1797500788?
0
What is the units digit of 6136473?
3
What is the ten millions digit of 262913645?
6
What is the thousands digit of 18784053?
4
What is the millions digit of 319339594?
9
What is the units digit of 535036422?
2
What is the hundreds digit of 3988509391?
3
What is the units digit of 1193516049?
9
What is the tens digit of 2412271511?
1
What is the thousands digit of 79715438?
5
What is the hundred millions digit of 1263980680?
2
What is the billions digit of 1833870077?
1
What is the hundreds digit of 65276344?
3
What is the thousands digit of 656344708?
4
What is the ten thousands digit of 503159813?
5
What is the thousands digit of 450862319?
2
What is the hundreds digit of 3068430501?
5
What is the ten thousands digit of 12959638?
5
What is the ten thousands digit of 134400496?
0
What is the tens digit of 1314176450?
5
What is the units digit of 56830448?
8
What is the hundred millions digit of 547938742?
5
What is the hundred thousands digit of 137560382?
5
What is the tens digit of 161313665?
6
What is the thousands digit of 273301116?
1
What is the ten thousands digit of 2690904600?
0
What is the units digit of 222816438?
8
What is the hundred millions digit of 203873951?
2
What is the tens digit of 2337598868?
6
What is the units digit of 8267450?
0
What is the ten thousands digit of 3058386453?
8
What is the units digit of 865799376?
6
What is the millions digit of 123595691?
3
What is the millions digit of 246076049?
6
What is the hundred thousands digit of 5085726?
0
What is the thousands digit of 269263459?
3
What is the hundreds digit of 36719788?
7
What is the units digit of 3997720605?
5
What is the tens digit of 3890844779?
7
What is the ten thousands digit of 27329532?
2
What is the hundred millions digit of 426805515?
4
What is the thousands digit of 3107244?
7
What is the units digit of 4014832568?
8
What is the units digit of 249879090?
0
What is the thousands digit of 85268725?
8
What is the hundred thousands digit of 1447291226?
2
What is the hundreds digit of 695372012?
0
What is the units digit of 100993916?
6
What is the units digit of 143417693?
3
What is the tens digit of 1510053129?
2
What is the hundred millions digit of 4739013745?
7
What is the hundreds digit of 189046523?
5
What is the hundreds digit of 2038062884?
8
What is the ten thousands digit of 68452728?
5
What is the hundreds digit of 373395717?
7
What is the ten thousands digit of 255840028?
4
What is the hu